{"id":234,"date":"2025-03-12T12:19:20","date_gmt":"2025-03-12T11:19:20","guid":{"rendered":"https:\/\/www.freiklang.at\/_test\/?page_id=234"},"modified":"2026-01-09T20:56:40","modified_gmt":"2026-01-09T19:56:40","slug":"impressum","status":"publish","type":"page","link":"https:\/\/www.freiklang.at\/aktuell\/?page_id=234","title":{"rendered":"Impressum"},"content":{"rendered":"\n<h1 class=\"wp-block-heading has-medium-font-size\">Copyright, Idee, Musikalische Gestaltung &amp; -Management:<\/h1>\n\n\n\n<h2 class=\"wp-block-heading has-medium-font-size\">Der Verein:<\/h2>\n\n\n\n<figure class=\"wp-block-image size-large is-resized\"><img loading=\"lazy\" decoding=\"async\" width=\"1024\" height=\"211\" src=\"https:\/\/www.freiklang.at\/\/wp-content\/uploads\/2025\/03\/just_freiklang-1024x211.png\" alt=\"\" class=\"wp-image-736\" style=\"width:416px;height:auto\" srcset=\"https:\/\/www.freiklang.at\/aktuell\/wp-content\/uploads\/2025\/03\/just_freiklang-1024x211.png 1024w, https:\/\/www.freiklang.at\/aktuell\/wp-content\/uploads\/2025\/03\/just_freiklang-300x62.png 300w, https:\/\/www.freiklang.at\/aktuell\/wp-content\/uploads\/2025\/03\/just_freiklang-768x159.png 768w, https:\/\/www.freiklang.at\/aktuell\/wp-content\/uploads\/2025\/03\/just_freiklang-1536x317.png 1536w, https:\/\/www.freiklang.at\/aktuell\/wp-content\/uploads\/2025\/03\/just_freiklang-2048x423.png 2048w\" sizes=\"auto, (max-width: 1024px) 100vw, 1024px\" \/><\/figure>\n\n\n\n<p>ZVR-Zahl 1197162273\u00a0\u00a0\u00a0<a href=\"http:\/\/freiklang.at\/vereinsregisterauszug_05_2025.pdf\">(Vereinsregisterauszug 05\/2025)<\/a><\/p>\n\n\n\n<h2 class=\"wp-block-heading\">Kontakt:<\/h2>\n\n\n\n<p>c\/o Andreas Hernecek<br>Stumpergasse 43\/2\/12<br>1060 Wien<\/p>\n\n\n\n<p class=\"has-vivid-red-color has-text-color has-link-color wp-elements-f783d7e4b3c5352ccd950c9ec9c7eaa0\">verein[at]freiklang.at<\/p>\n\n\n\n<hr class=\"wp-block-separator has-alpha-channel-opacity\"\/>\n\n\n\n<h2 class=\"wp-block-heading\">Nutzungsbedingungen<\/h2>\n\n\n\n<p>Die Inhalte dieser Web-Site sind frei nutzbar und dienen ausschlie\u00dflich der Information. Es kommen durch die Nutzung der Auswahlm\u00f6glichkeiten der Web-Site keinerlei Rechtsgesch\u00e4fte zwischen dem Eigent\u00fcmer und den Nutzern zu Stande.<\/p>\n\n\n\n<h2 class=\"wp-block-heading\">Copyright \/ Haftungsausschluss<\/h2>\n\n\n\n<p>Jede Haftung f\u00fcr unmittelbare, mittelbare oder sonstige Sch\u00e4den, unabh\u00e4ngig von deren Ursachen, die aus der Benutzung oder Nichtverf\u00fcgbarkeit der Daten und Informationen dieser Homepage erwachsen, wird, soweit rechtlich zul\u00e4ssig, ausgeschlossen.<\/p>\n\n\n\n<p>Der Inhalt dieser Homepage ist urheberrechtlich gesch\u00fctzt. Die Informationen sind nur f\u00fcr die pers\u00f6nliche Verwendung bestimmt. Jede weitergehende Nutzung insbesondere die Speicherung in Datenbanken, Vervielf\u00e4ltigung und jede Form von gewerblicher Nutzung sowie die Weitergabe an Dritte &#8211; auch in Teilen oder in \u00fcberarbeiteter Form &#8211; ohne Zustimmung des Website-Inhabers ist untersagt.<br>Jede Einbindung einzelner Seiten unseres Angebotes in fremde Frames ist zu unterlassen.<\/p>\n\n\n\n<h2 class=\"wp-block-heading\">Datenschutz<\/h2>\n\n\n\n<p>Soweit auf unseren Seiten personenbezogene Daten (beispielsweise Name, Anschrift oder eMail-Adressen) erhoben werden, erfolgt dies soweit m\u00f6glich stets auf freiwilliger Basis.<\/p>\n\n\n\n<p>Der Nutzung von im Rahmen der Impressumspflicht ver\u00f6ffentlichten Kontaktdaten durch Dritte zur \u00dcbersendung von nicht ausdr\u00fccklich angeforderter Werbung und Informationsmaterialien wird hiermit ausdr\u00fccklich widersprochen. Die Betreiber der Seiten behalten sich ausdr\u00fccklich rechtliche Schritte im Falle der unverlangten Zusendung von Werbeinformationen, etwa durch Spam-Mails, vor.<\/p>\n\n\n\n<h2 class=\"wp-block-heading\">Haftung f\u00fcr Links<\/h2>\n\n\n\n<p>Diese Seite enth\u00e4lt Links zu externen Webseiten Dritter, auf deren Inhalte wir keinen Einfluss haben. Deshalb k\u00f6nnen wir f\u00fcr diese fremden Inhalte auch keine Gew\u00e4hr \u00fcbernehmen. F\u00fcr die Inhalte der verlinkten Seiten ist stets der jeweilige Anbieter oder Betreiber der Seiten verantwortlich. Die verlinkten Seiten wurden zum Zeitpunkt der Verlinkung auf m\u00f6gliche Rechtsverst\u00f6\u00dfe \u00fcberpr\u00fcft. Rechtswidrige Inhalte waren zum Zeitpunkt der Verlinkung nicht erkennbar. Eine permanente inhaltliche Kontrolle der verlinkten Seiten ist jedoch ohne konkrete Anhaltspunkte einer Rechtsverletzung nicht zumutbar. Bei bekannt werden von Rechtsverletzungen werden wir derartige Links umgehend entfernen.<\/p>\n\n\n\n<h2 class=\"wp-block-heading\">Ver\u00f6ffentlichung von Bild- und Tonmaterial<\/h2>\n\n\n\n<p>Mit der Anmeldung zu&nbsp;frei.klang&nbsp;stimmt der Teilnehmer zu, dass Bild- und Tonmaterial von der Veranstaltung selbst auf der&nbsp;frei.klang&nbsp;&#8211; Homepage, die \u00f6ffentlich zug\u00e4nglich ist, unentgeltlich ver\u00f6ffentlicht werden darf.<\/p>\n\n\n\n<hr class=\"wp-block-separator has-alpha-channel-opacity\"\/>\n\n\n\n<p>(Es besteht kein Rechtsanspruch auf die Teilnahme an&nbsp;frei.klang&nbsp;&#8211; Veranstaltungen. Die Entscheidung, wer auftritt, liegt bei der musikalischen Leitung).<\/p>\n\n\n\n<hr class=\"wp-block-separator has-alpha-channel-opacity\"\/>\n\n\n\n<p>April 2025<\/p>\n","protected":false},"excerpt":{"rendered":"<p>Copyright, Idee, Musikalische Gestaltung &amp; -Management: Der Verein: ZVR-Zahl 1197162273\u00a0\u00a0\u00a0(Vereinsregisterauszug 05\/2025) Kontakt: c\/o Andreas HernecekStumpergasse&hellip;<\/p>\n","protected":false},"author":1,"featured_media":0,"parent":0,"menu_order":0,"comment_status":"closed","ping_status":"closed","template":"","meta":{"pgc_sgb_lightbox_settings":"","footnotes":""},"class_list":["post-234","page","type-page","status-publish","hentry"],"_links":{"self":[{"href":"https:\/\/www.freiklang.at\/aktuell\/index.php?rest_route=\/wp\/v2\/pages\/234","targetHints":{"allow":["GET"]}}],"collection":[{"href":"https:\/\/www.freiklang.at\/aktuell\/index.php?rest_route=\/wp\/v2\/pages"}],"about":[{"href":"https:\/\/www.freiklang.at\/aktuell\/index.php?rest_route=\/wp\/v2\/types\/page"}],"author":[{"embeddable":true,"href":"https:\/\/www.freiklang.at\/aktuell\/index.php?rest_route=\/wp\/v2\/users\/1"}],"replies":[{"embeddable":true,"href":"https:\/\/www.freiklang.at\/aktuell\/index.php?rest_route=%2Fwp%2Fv2%2Fcomments&post=234"}],"version-history":[{"count":4,"href":"https:\/\/www.freiklang.at\/aktuell\/index.php?rest_route=\/wp\/v2\/pages\/234\/revisions"}],"predecessor-version":[{"id":1264,"href":"https:\/\/www.freiklang.at\/aktuell\/index.php?rest_route=\/wp\/v2\/pages\/234\/revisions\/1264"}],"wp:attachment":[{"href":"https:\/\/www.freiklang.at\/aktuell\/index.php?rest_route=%2Fwp%2Fv2%2Fmedia&parent=234"}],"curies":[{"name":"wp","href":"https:\/\/api.w.org\/{rel}","templated":true}]}}